 the remainder when 2854 is divided by n(-3).
40
Suppose -5*x = -36*x + 13237. Calculate the remainder when x is divided by 651/15 - 4/10.
40
Let k(z) = -29*z + 1. Let o(r) = -5092*r + 71495. Calculate the remainder when o(14) is divided by k(-1).
27
Let h = -227 - -235. Suppose 2*i - 230 = -4*o, -7*o + i = -h*o + 58. What is the remainder when o is divided by 15?
12
Suppose 2*h + 2*p = 106, -2*h = 5*p + 18 - 136. What is the remainder when 403 is divided by h?
11
Let f = -36 + 116. Suppose 4*h = -2*o + f, -6*o = -9*o - 12. Calculate the remainder when -2*(0 - (-86)/(-4)) is divided by h.
21
Let g = 21350 + -20651. What is the remainder when g is divided by 151?
95
Let s = 3928 - 3073. What is the remainder when s is divided by 42?
15
Let r(m) = 2*m**2 + 18*m + 24. Suppose -26 = 10*n + 84. What is the remainder when r(n) is divided by 21?
5
Let c(m) = -m**2 - 14*m + 15. Let x be c(-15). Suppose -5*t + j + 113 = x, 5*j = -t + 6*j + 21. Calculate the remainder when t is divided by 20.
3
Let c(s) = 60*s - 68. Suppose 2*o + 2*n + n = 1, -3*o = -5*n - 11. Let z(p) = p**3 + 7*p**2 + 7*p + 3. What is the remainder when c(o) is divided by z(-5)?
16
Let v be (-1 - 0)*(2 - -1). Let o be 23/3 + (-1)/v. Suppose 5*r = 2*n - 42, 3*n - 37 = 3*r + o. Calculate the remainder when 29 is divided by n.
7
Suppose -58706 = -3*k - y, 298*y - 39147 = -2*k + 307*y. Calculate the remainder when k is divided by 12.
9
Let p = -91 + 102. Let r be 46/(-6)*(-99)/p. Let o = 171 - r. What is the remainder when o is divided by 15?
12
Suppose 3*u + 15 = 0, -6*t + t = -5*u - 570. Let z = -168971 + 168999. What is the remainder when t is divided by z?
25
Let w(d) = -d + 1. Let u be w(-4). Suppose 3*v - 15 = -5*j + u*v, v = -5*j. Let l(p) = 29*p**2 + p - 2. What is the remainder when 110 is divided by l(j)?
26
Let z = 11 + -7. Let i(d) = d**2 - 101*d + 38. Calculate the remainder when i(101) is divided by z.
2
Let f = -9 - -95. Let q = 102 - f. What is the remainder when 29 is divided by q?
13
Suppose 33026*g - 33045*g = -9766. What is the remainder when g is divided by 483?
31
Suppose -3*t + 38 + 37 = 0. Let c(k) = -4*k**3 - 4*k**2 + 4*k + 3. Calculate the remainder when c(-3) is divided by t.
13
Let i = -28 + 36. Let y = 80 - i. Let t = y + -45. Calculate the remainder when t is divided by 7.
6
Suppose 22*i + 8 = 5*k + 21*i, -4*k + 6 = -i. Suppose -4*q + 99*r - 102*r + 32 = 0, -k*r = -3*q + 41. What is the remainder when (39/2)/(3/6) is divided by q?
6
Suppose 29*l + 9*l = 1046 + 2298. Calculate the remainder when 167 is divided by l.
79
Let f(l) = -l**2 - 11*l + 9. Let g be f(-10). Let n(j) = 21*j + 64. Let w be n(-3). Let q = g + w. What is the remainder when q is divided by 4?
0
Let k = 3602 - 3523. What is the remainder when 151 is divided by k?
72
Suppose c + 669*p = 668*p + 41, 88 = 2*c + 3*p. Calculate the remainder when 522 is divided by c.
32
Let t be 0 + (5 + -5 - -1). Calculate the remainder when 249 is divided by (-1168)/(-32) - t/2.
33
Let u = 4355 - 3949. What is the remainder when u is divided by 41?
37
Suppose -3*v = 6, -2*v + 8 = 3*m + m. Suppose 22*z + 2*j = 27*z - 37, 16 = m*z + 5*j. What is the remainder when 64 is divided by z?
1
Let b = 53223 + -53216. Let g(o) = 10*o**2 + 3*o + 2. What is the remainder when g(3) is divided by b?
3
Let y = -10684 + 25371. Calculate the remainder when y is divided by 65.
62
Let r(z) = -z**2 + 3*z + 5. Let p be r(4). Suppose 93*f = 92*f - p. What is the remainder when 35 is divided by f + (-2 - -6) - -6*1?
8
Suppose 28*d - 87 = 27*d. Suppose h + 21 - d = 0. What is the remainder when h is divided by 14?
10
Let q = -1051 + 1084. Calculate the remainder when 3496 is divided by q.
31
What is the remainder when (10/(-15))/(1 + 205/(-195)) is divided by (-8)/3*6/(-4)?
1
Let d = 0 - -14. Let f = 157590 + -157547. Calculate the remainder when f is divided by d.
1
Suppose d = -0*d + 276. Let j(b) = -4*b**2 - 86*b + 378. Calculate the remainder when d is divided by j(-25).
24
Let i be -3 - 2/(-2)*6. Suppose 3*w = 2*k - 63, -3*k + 21 = i*w - 4*w. Calculate the remainder when 6 is divided by -7 - (-170)/25 - w/5.
2
Suppose 0 = -5*x + 151 + 824. What is the remainder when x is divided by 4 - (-2 - (4 + 18))?
27
Let p = 12 + -8. Let x(s) be the first derivative of 2*s**3/3 + 57*s**2/2 - 20*s + 44. What is the remainder when x(-29) is divided by p?
1
Suppose -5*x + 182 + 43 = 0. Suppose 45 = 3*t + n, -132*t + 136*t - 2*n = 40. Calculate the remainder when x is divided by t.
6
Let h = -160 - -350. Let i(z) = -z**2 - 3*z + 48. Calculate the remainder when h is divided by i(0).
46
Let m(i) = 4*i**2 - i - 19. What is the remainder when m(-14) is divided by 28 + (-41)/(1066/(-156))?
31
Suppose 10 + 19 + 12 = y. Calculate the remainder when 70 is divided by y.
29
Let j(o) = o**2 + 16*o + 49. Let b be j(-12). Suppose 7*a = 8*a - b, y = -3*a + 20. What is the remainder when 97 is divided by y?
12
What is the remainder when 208 is divided by 15 + -4*(-8 + 7)?
18
Suppose -19*t = 237 - 1396. What is the remainder when 371 is divided by t?
5
Let m(t) = -t**2 - 32*t - 157. Let k be m(-26). What is the remainder when 69 is divided by (k + 73/3)/((-48)/(-72))?
34
What is the remainder when 1527 is divided by (730/(-495)*9)/((-2)/11)?
67
Let d(c) = c**3 + 7*c**2 + 12*c. Let f be d(-3). Suppose -v + 362 - 341 = f. What is the remainder when 98 is divided by v?
14
Let w(i) = 2*i**3 + 59*i**2 + 173*i - 19. What is the remainder when w(-12) is divided by 18?
11
Let w = -3565 - -3915. What is the remainder when w is divided by 131?
88
Let t(a) = 29*a**2 + 8*a + 11. Let z(v) = v**3 + 11*v**2 + 14*v + 38. Let k be z(-10). What is the remainder when t(k) is divided by 33?
12
Suppose 4*h + 39 = 5*n, -5*n + 18 - 3 = 0. What is the remainder when 179 + h/(-6) + 2 is divided by 31?
27
Suppose 7*l - 10*l - 86 = -5*l. Let z = -125 + 177. Calculate the remainder when z is divided by l.
9
Let j = -75 - -72. Let q be (-607 - 3)/(j - -1). Suppose -2*l + q = 5*c, 3*c = 5*l - 0*l + 152. Calculate the remainder when c is divided by 15.
14
Let h(k) = 196*k + 682. What is the remainder when 2544 is divided by h(3)?
4
Let q(z) = -33*z**3 - z - 2. Suppose 9*h - 1009 = 269. Suppose -h - 112 = -2*x. Calculate the remainder when x is divided by q(-1).
31
Suppose 0 = 5*r - 826 - 219. Suppose 0 = -5*u + r - 99. Calculate the remainder when 85 is divided by u.
19
Let n = -24 + 30. Suppose 3*f + 2*l = 79, -5*l + n = 11. What is the remainder when f is divided by 7?
6
Let f be 7/(2*((-20)/8 - -3)). Suppose 112 = -3*h + 337. Calculate the remainder when h is divided by (-4)/10*(-455)/f.
23
Suppose -17*u + 12*u = 2*q - 7787, -3*u - 19576 = -5*q. Calculate the remainder when q is divided by 87.
83
Let t(h) = -44*h + 7183. Let k = 147 - 52. What is the remainder when k is divided by t(163)?
7
Let v = -3434 + 3710. Calculate the remainder when 1107 is divided by v.
3
Let c be (-9)/((-1)/(-3)*(-12)/32). Suppose 136 = 2*r + c. Suppose 13*j = 9*j + r. Calculate the remainder when 39 is divided by j.
7
Let g = 130 + -97. Suppose -3*z + g = -6. What is the remainder when z is divided by 8?
5
Let x be (-9)/(-6) - (47/(-2) - 4). Suppose -10 = -k - s, -x - 5 = -4*k - 2*s. Calculate the remainder when k is divided by 6.
1
Let p = -4653 - -4873. What is the remainder when 695 is divided by p?
35
Suppose 30932 = -326*s + 474*s. Calculate the remainder when s is divided by 23.
2
Suppose -34 = -2*g - 3*b, -2 - 78 = -5*g - 5*b. Let x(a) = 28*a**2 - 95*a - 15. Calculate the remainder when x(4) is divided by g.
11
Let x(r) = 428*r**2 - 4*r. Let c be x(-3). Suppose -4*p - 19*p = -c. What is the remainder when p is divided by 18?
6
Suppose 0 = -q + 6*q, -258 = -2*t - q. Let p(k) be the third derivative of 7*k**4/24 - 3*k**3/2 + 4*k**2 - 2. Calculate the remainder when t is divided by p(6).
30
Suppose 5 + 3 = 2*x. Suppose -x*z + 138 - 18 = 0. Suppose -29 = -3*w - 2*v, -99*v - 42 = -4*w - 100*v. What is the remainder when z is divided by w?
8
Let l = 31 - 24. Let b(q) be the first derivative of -q**3/3 + 13*q**2/2 - 3*q + 8. What is the remainder when b(7) is divided by l?
4
Let o(l) = 107*l**2 + 142*l + 144. Calculate the remainder when 329 is divided by o(-1).
2
Let s(w) = -26*w - 1634. What is the remain